1
List the prime factors of 268672718.
2, 134336359
What are the prime factors of 1493358001?
5399, 276599
What are the prime factors of 4030977183?
3, 457, 2940173
List the prime factors of 215084079.
3, 7, 47, 1153
What are the prime factors of 927554726?
2, 7, 41, 1615949
What are the prime factors of 28786059?
3, 41, 181, 431
List the prime factors of 374364908.
2, 93591227
What are the prime factors of 136564226?
2, 68282113
List the prime factors of 193027927.
37, 5216971
What are the prime factors of 119166817?
7, 11, 89, 17389
What are the prime factors of 15222017?
1327, 11471
List the prime factors of 4105812527.
4105812527
List the prime factors of 350027649.
3, 1440443
List the prime factors of 863631497.
547, 1578851
What are the prime factors of 3826014?
2, 3, 637669
What are the prime factors of 97917034?
2, 31, 163, 9689
List the prime factors of 120035671.
7, 569, 30137
What are the prime factors of 143895857?
7, 20556551
What are the prime factors of 803723953?
37, 21722269
List the prime factors of 1477674176.
2, 11, 73, 28753
What are the prime factors of 260899177?
7, 11, 69149
List the prime factors of 12800569.
41, 312209
List the prime factors of 360642696.
2, 3, 15026779
What are the prime factors of 867586581?
3, 96398509
What are the prime factors of 131401658?
2, 269, 467, 523
What are the prime factors of 555991050?
2, 3, 5, 503, 7369
What are the prime factors of 1639420609?
683, 2400323
What are the prime factors of 577583351?
31, 18631721
What are the prime factors of 54141255?
3, 5, 7, 171877
What are the prime factors of 601320608?
2, 7, 2684467
List the prime factors of 273473637.
3, 5393, 16903
What are the prime factors of 673315792?
2, 73, 576469
What are the prime factors of 13450595?
5, 71, 37889
List the prime factors of 12516998.
2, 13, 17, 28319
List the prime factors of 33338698.
2, 47, 354667
List the prime factors of 339947660.
2, 5, 13, 751, 1741
What are the prime factors of 609534255?
3, 5, 11, 3694147
List the prime factors of 134935978.
2, 43, 1569023
What are the prime factors of 1296183286?
2, 5167, 125429
List the prime factors of 5875260533.
59, 73, 571, 2389
List the prime factors of 1184587.
1184587
What are the prime factors of 164049948?
2, 3, 506327
What are the prime factors of 1048561783?
1048561783
What are the prime factors of 2323752479?
2323752479
What are the prime factors of 1152151393?
19, 1051, 57697
What are the prime factors of 893491204?
2, 281, 794921
List the prime factors of 62026679.
11, 13, 29, 14957
What are the prime factors of 5425008?
2, 3, 113021
List the prime factors of 4518000759.
3, 11621, 129593
What are the prime factors of 83668560?
2, 3, 5, 17, 20507
List the prime factors of 5491275426.
2, 3, 7, 13, 257879
What are the prime factors of 214028011?
17, 12589883
List the prime factors of 1337166386.
2, 7307, 91499
List the prime factors of 335166591.
3, 1481, 75437
List the prime factors of 28061576.
2, 3507697
What are the prime factors of 140833074?
2, 3, 919, 25541
List the prime factors of 916333671.
3, 11, 971, 28597
List the prime factors of 353886915.
3, 5, 389, 60649
List the prime factors of 551774238.
2, 3, 2141, 42953
List the prime factors of 106193998.
2, 29, 1830931
List the prime factors of 60409673.
60409673
What are the prime factors of 330317144?
2, 41289643
List the prime factors of 1085864671.
347, 421, 7433
List the prime factors of 327420302.
2, 11, 14882741
What are the prime factors of 530325792?
2, 3, 204601
What are the prime factors of 272260006?
2, 19, 7164737
List the prime factors of 99035519.
11, 137, 65717
List the prime factors of 8273972.
2, 7, 109, 2711
What are the prime factors of 703885040?
2, 5, 37, 6427
What are the prime factors of 52567631?
463, 113537
List the prime factors of 843519212.
2, 19, 11098937
What are the prime factors of 238375418?
2, 29, 4109921
What are the prime factors of 102070482?
2, 3, 17, 1000691
List the prime factors of 368146985.
5, 17, 254773
What are the prime factors of 12117513?
3, 137, 29483
What are the prime factors of 57865996?
2, 14466499
List the prime factors of 39493471.
3461, 11411
What are the prime factors of 38756169?
3, 31, 4481
What are the prime factors of 839007650?
2, 5, 13, 79, 16339
What are the prime factors of 2701607196?
2, 3, 1741, 129313
What are the prime factors of 4600294077?
3, 61, 971, 25889
What are the prime factors of 46936340?
2, 5, 11, 191, 1117
What are the prime factors of 726140301?
3, 242046767
What are the prime factors of 94775290?
2, 5, 9477529
List the prime factors of 32047282.
2, 3877, 4133
List the prime factors of 752060684.
2, 71, 2648101
List the prime factors of 1384881880.
2, 5, 17, 19, 37, 2897
What are the prime factors of 49579871?
11, 17, 24103
List the prime factors of 5462585356.
2, 30853, 44263
List the prime factors of 901773683.
43, 367, 57143
List the prime factors of 73020266.
2, 11, 3319103
What are the prime factors of 170076784?
2, 61, 174259
List the prime factors of 4576195.
5, 13, 23, 3061
What are the prime factors of 672263517?
3, 224087839
List the prime factors of 55715250.
2, 3, 5, 74287
List the prime factors of 209903537.
29, 839, 8627
What are the prime factors of 224558482?
2, 31, 3621911
What are the prime factors of 4895765102?
2, 521, 4698431
What are the prime factors of 73322271?
3, 11, 37, 541
What are the prime factors of 52263086?
2, 31, 239, 3527
What are the prime factors of 34246214?
2, 17123107
What are the prime factors of 398136255?
3, 5, 11, 31, 277, 281
List the prime factors of 1133003334.
2, 3, 109, 1732421
List the prime factors of 1275941963.
1275941963
What are the prime factors of 102190098?
2, 3, 83, 205201
What are the prime factors of 91462656?
2, 3, 19, 1567
What are the prime factors of 4365804203?
4365804203
What are the prime factors of 1543673877?
3, 514557959
What are the prime factors of 11427896?
2, 739, 1933
What are the prime factors of 88628405?
5, 17725681
What are the prime factors of 77753091?
3, 13, 59, 33791
What are the prime factors of 114019845?
3, 5, 7601323
What are the prime factors of 1023733672?
2, 13, 2111, 4663
What are the prime factors of 63313317?
3, 137, 51349
What are the prime factors of 4987154820?
2, 3, 5, 83119247
What are the prime factors of 723276491?
7, 953, 108421
What are the prime factors of 551244576?
2, 3, 47, 122173
List the prime factors of 88347875.
5, 7, 11, 67, 137
What are the prime factors of 286833950?
2, 5, 13, 41, 47, 229
List the prime factors of 382377609.
3, 3361, 12641
List the prime factors of 675749984.
2, 7, 13, 33151
List the prime factors of 389899312.
2, 11, 23, 61, 1579
List the prime factors of 292691116.
2, 73172779
What are the prime factors of 823968165?
3, 5, 54931211
What are the prime factors of 373878165?
3, 5, 53, 79, 5953
List the prime factors of 311594607.
3, 89, 43223
List the prime factors of 29641205.
5, 11, 538931
What are the prime factors of 2903354?
2, 1451677
List the prime factors of 318171361.
318171361
What are the prime factors of 291982812?
2, 3, 11, 41, 53951
List the prime factors of 1034741502.
2, 3, 103, 558113
List the prime factors of 574693081.
17627, 32603
List the prime factors of 33080238.
2, 3, 59, 3461
What are the prime factors of 2598587?
103, 25229
List the prime factors of 1009933109.
439, 2300531
What are the prime factors of 16543831?
23, 719297
What are the prime factors of 115348285?
5, 13, 919, 1931
What are the prime factors of 21269756?
2, 23, 47, 4919
List the prime factors of 1296219826.
2, 11, 58919083
List the prime factors of 142756928.
2, 2230577
List the prime factors of 22070121.
3, 7356707
List the prime factors of 18783835.
5, 7, 317, 1693
List the prime factors of 192652327.
7, 1831, 15031
List the prime factors of 17681631.
3, 11, 137, 3911
List the prime factors of 75718622.
2, 7, 23, 4799
What are the prime factors of 267277279?
267277279
What are the prime factors of 117795008?
2, 173, 10639
What are the prime factors of 391037906?
2, 7, 31, 901009
List the prime factors of 330296053.
53, 107, 58243
What are the prime factors of 42546411?
3, 37, 42589
What are the prime factors of 3710937390?
2, 3, 5, 313, 395201
List the prime factors of 1401294353.
431, 67